{"id":2150,"date":"2016-09-12T15:59:27","date_gmt":"2016-09-12T14:59:27","guid":{"rendered":"http:\/\/marcinsolowiej.pl\/?page_id=2150"},"modified":"2016-09-15T17:40:34","modified_gmt":"2016-09-15T16:40:34","slug":"wydrzyk-teposterny","status":"publish","type":"page","link":"http:\/\/marcinsolowiej.pl\/?page_id=2150","title":{"rendered":"wydrzyk t\u0119posterny"},"content":{"rendered":"\n\t\t<style type=\"text\/css\">\n\t\t\t#gallery-1 {\n\t\t\t\tmargin: auto;\n\t\t\t}\n\t\t\t#gallery-1 .gallery-item {\n\t\t\t\tfloat: left;\n\t\t\t\tmargin-top: 10px;\n\t\t\t\ttext-align: center;\n\t\t\t\twidth: 33%;\n\t\t\t}\n\t\t\t#gallery-1 img {\n\t\t\t\tborder: 2px solid #cfcfcf;\n\t\t\t}\n\t\t\t#gallery-1 .gallery-caption {\n\t\t\t\tmargin-left: 0;\n\t\t\t}\n\t\t\t\/* see gallery_shortcode() in wp-includes\/media.php *\/\n\t\t<\/style>\n\t\t<div id='gallery-1' class='gallery galleryid-2150 gallery-columns-3 gallery-size-thumbnail'><dl class='gallery-item'>\n\t\t\t<dt class='gallery-icon landscape'>\n\t\t\t\t<a href='http:\/\/marcinsolowiej.pl\/?attachment_id=2122'><img loading=\"lazy\" decoding=\"async\" width=\"200\" height=\"133\" src=\"http:\/\/marcinsolowiej.pl\/wp-content\/uploads\/2016\/08\/Stercorarius-pomarinus_Baltica_2_1_Lubecki_09052016_IMG_9350_01-200x133.jpg\" class=\"attachment-thumbnail size-thumbnail\" alt=\"Pomarine Skua\" aria-describedby=\"gallery-1-2122\" srcset=\"http:\/\/marcinsolowiej.pl\/wp-content\/uploads\/2016\/08\/Stercorarius-pomarinus_Baltica_2_1_Lubecki_09052016_IMG_9350_01-200x133.jpg 200w, http:\/\/marcinsolowiej.pl\/wp-content\/uploads\/2016\/08\/Stercorarius-pomarinus_Baltica_2_1_Lubecki_09052016_IMG_9350_01-624x416.jpg 624w, http:\/\/marcinsolowiej.pl\/wp-content\/uploads\/2016\/08\/Stercorarius-pomarinus_Baltica_2_1_Lubecki_09052016_IMG_9350_01.jpg 900w\" sizes=\"auto, (max-width: 200px) 100vw, 200px\" \/><\/a>\n\t\t\t<\/dt>\n\t\t\t\t<dd class='wp-caption-text gallery-caption' id='gallery-1-2122'>\n\t\t\t\twydrzyk t\u0119posterny<i>ad, \u0141awica S\u0142upska, 09.05.2016<\/i>\n\t\t\t\t<\/dd><\/dl><dl class='gallery-item'>\n\t\t\t<dt class='gallery-icon landscape'>\n\t\t\t\t<a href='http:\/\/marcinsolowiej.pl\/?attachment_id=2121'><img loading=\"lazy\" decoding=\"async\" width=\"200\" height=\"133\" src=\"http:\/\/marcinsolowiej.pl\/wp-content\/uploads\/2016\/08\/Stercorarius-pomarinus_Baltica_2_1_Lubecki_09052016_IMG_9373_01-200x133.jpg\" class=\"attachment-thumbnail size-thumbnail\" alt=\"Pomarine Skua\" aria-describedby=\"gallery-1-2121\" srcset=\"http:\/\/marcinsolowiej.pl\/wp-content\/uploads\/2016\/08\/Stercorarius-pomarinus_Baltica_2_1_Lubecki_09052016_IMG_9373_01-200x133.jpg 200w, http:\/\/marcinsolowiej.pl\/wp-content\/uploads\/2016\/08\/Stercorarius-pomarinus_Baltica_2_1_Lubecki_09052016_IMG_9373_01-624x416.jpg 624w, http:\/\/marcinsolowiej.pl\/wp-content\/uploads\/2016\/08\/Stercorarius-pomarinus_Baltica_2_1_Lubecki_09052016_IMG_9373_01.jpg 900w\" sizes=\"auto, (max-width: 200px) 100vw, 200px\" \/><\/a>\n\t\t\t<\/dt>\n\t\t\t\t<dd class='wp-caption-text gallery-caption' id='gallery-1-2121'>\n\t\t\t\twydrzyk t\u0119posterny<i>ad, \u0141awica S\u0142upska, 09.05.2016<\/i>\n\t\t\t\t<\/dd><\/dl><dl class='gallery-item'>\n\t\t\t<dt class='gallery-icon landscape'>\n\t\t\t\t<a href='http:\/\/marcinsolowiej.pl\/?attachment_id=2287'><img loading=\"lazy\" decoding=\"async\" width=\"200\" height=\"133\" src=\"http:\/\/marcinsolowiej.pl\/wp-content\/uploads\/2016\/09\/Stercorarius-pomarinus_Niechorze_27092014_MRS_2819_01-200x133.jpg\" class=\"attachment-thumbnail size-thumbnail\" alt=\"Pomarine Skua\" aria-describedby=\"gallery-1-2287\" srcset=\"http:\/\/marcinsolowiej.pl\/wp-content\/uploads\/2016\/09\/Stercorarius-pomarinus_Niechorze_27092014_MRS_2819_01-200x133.jpg 200w, http:\/\/marcinsolowiej.pl\/wp-content\/uploads\/2016\/09\/Stercorarius-pomarinus_Niechorze_27092014_MRS_2819_01-624x416.jpg 624w, http:\/\/marcinsolowiej.pl\/wp-content\/uploads\/2016\/09\/Stercorarius-pomarinus_Niechorze_27092014_MRS_2819_01.jpg 900w\" sizes=\"auto, (max-width: 200px) 100vw, 200px\" \/><\/a>\n\t\t\t<\/dt>\n\t\t\t\t<dd class='wp-caption-text gallery-caption' id='gallery-1-2287'>\n\t\t\t\twydrzyk t\u0119posterny<i>juv, Niechorze, 27.09.2014<\/i>\n\t\t\t\t<\/dd><\/dl><br style=\"clear: both\" \/><dl class='gallery-item'>\n\t\t\t<dt class='gallery-icon landscape'>\n\t\t\t\t<a href='http:\/\/marcinsolowiej.pl\/?attachment_id=2286'><img loading=\"lazy\" decoding=\"async\" width=\"200\" height=\"133\" src=\"http:\/\/marcinsolowiej.pl\/wp-content\/uploads\/2016\/09\/Stercorarius-pomarinus_Niechorze_27092014_MRS_2820_01-200x133.jpg\" class=\"attachment-thumbnail size-thumbnail\" alt=\"Pomarine Skua\" aria-describedby=\"gallery-1-2286\" srcset=\"http:\/\/marcinsolowiej.pl\/wp-content\/uploads\/2016\/09\/Stercorarius-pomarinus_Niechorze_27092014_MRS_2820_01-200x133.jpg 200w, http:\/\/marcinsolowiej.pl\/wp-content\/uploads\/2016\/09\/Stercorarius-pomarinus_Niechorze_27092014_MRS_2820_01-624x416.jpg 624w, http:\/\/marcinsolowiej.pl\/wp-content\/uploads\/2016\/09\/Stercorarius-pomarinus_Niechorze_27092014_MRS_2820_01.jpg 900w\" sizes=\"auto, (max-width: 200px) 100vw, 200px\" \/><\/a>\n\t\t\t<\/dt>\n\t\t\t\t<dd class='wp-caption-text gallery-caption' id='gallery-1-2286'>\n\t\t\t\twydrzyk t\u0119posterny<i>juv, Niechorze, 27.09.2014<\/i>\n\t\t\t\t<\/dd><\/dl><dl class='gallery-item'>\n\t\t\t<dt class='gallery-icon landscape'>\n\t\t\t\t<a href='http:\/\/marcinsolowiej.pl\/?attachment_id=2285'><img loading=\"lazy\" decoding=\"async\" width=\"200\" height=\"133\" src=\"http:\/\/marcinsolowiej.pl\/wp-content\/uploads\/2016\/09\/Stercorarius-pomarinus_Niechorze_27092014_MRS_2830_01-200x133.jpg\" class=\"attachment-thumbnail size-thumbnail\" alt=\"Pomarine Skua\" aria-describedby=\"gallery-1-2285\" srcset=\"http:\/\/marcinsolowiej.pl\/wp-content\/uploads\/2016\/09\/Stercorarius-pomarinus_Niechorze_27092014_MRS_2830_01-200x133.jpg 200w, http:\/\/marcinsolowiej.pl\/wp-content\/uploads\/2016\/09\/Stercorarius-pomarinus_Niechorze_27092014_MRS_2830_01-624x416.jpg 624w, http:\/\/marcinsolowiej.pl\/wp-content\/uploads\/2016\/09\/Stercorarius-pomarinus_Niechorze_27092014_MRS_2830_01.jpg 900w\" sizes=\"auto, (max-width: 200px) 100vw, 200px\" \/><\/a>\n\t\t\t<\/dt>\n\t\t\t\t<dd class='wp-caption-text gallery-caption' id='gallery-1-2285'>\n\t\t\t\twydrzyk t\u0119posterny<i>juv, Niechorze, 27.09.2014<\/i>\n\t\t\t\t<\/dd><\/dl><dl class='gallery-item'>\n\t\t\t<dt class='gallery-icon landscape'>\n\t\t\t\t<a href='http:\/\/marcinsolowiej.pl\/?attachment_id=2284'><img loading=\"lazy\" decoding=\"async\" width=\"200\" height=\"133\" src=\"http:\/\/marcinsolowiej.pl\/wp-content\/uploads\/2016\/09\/Stercorarius-pomarinus_Niechorze_27092014_MRS_2817_01-200x133.jpg\" class=\"attachment-thumbnail size-thumbnail\" alt=\"Pomarine Skua\" aria-describedby=\"gallery-1-2284\" srcset=\"http:\/\/marcinsolowiej.pl\/wp-content\/uploads\/2016\/09\/Stercorarius-pomarinus_Niechorze_27092014_MRS_2817_01-200x133.jpg 200w, http:\/\/marcinsolowiej.pl\/wp-content\/uploads\/2016\/09\/Stercorarius-pomarinus_Niechorze_27092014_MRS_2817_01-624x416.jpg 624w, http:\/\/marcinsolowiej.pl\/wp-content\/uploads\/2016\/09\/Stercorarius-pomarinus_Niechorze_27092014_MRS_2817_01.jpg 900w\" sizes=\"auto, (max-width: 200px) 100vw, 200px\" \/><\/a>\n\t\t\t<\/dt>\n\t\t\t\t<dd class='wp-caption-text gallery-caption' id='gallery-1-2284'>\n\t\t\t\twydrzyk t\u0119posterny<i>juv, Niechorze, 27.09.2014<\/i>\n\t\t\t\t<\/dd><\/dl><br style=\"clear: both\" \/><dl class='gallery-item'>\n\t\t\t<dt class='gallery-icon landscape'>\n\t\t\t\t<a href='http:\/\/marcinsolowiej.pl\/?attachment_id=2283'><img loading=\"lazy\" decoding=\"async\" width=\"200\" height=\"133\" src=\"http:\/\/marcinsolowiej.pl\/wp-content\/uploads\/2016\/09\/Stercorarius-pomarinus_Niechorze_27092014_MRS_2818_01-200x133.jpg\" class=\"attachment-thumbnail size-thumbnail\" alt=\"Pomarine Skua\" aria-describedby=\"gallery-1-2283\" srcset=\"http:\/\/marcinsolowiej.pl\/wp-content\/uploads\/2016\/09\/Stercorarius-pomarinus_Niechorze_27092014_MRS_2818_01-200x133.jpg 200w, http:\/\/marcinsolowiej.pl\/wp-content\/uploads\/2016\/09\/Stercorarius-pomarinus_Niechorze_27092014_MRS_2818_01-624x416.jpg 624w, http:\/\/marcinsolowiej.pl\/wp-content\/uploads\/2016\/09\/Stercorarius-pomarinus_Niechorze_27092014_MRS_2818_01.jpg 900w\" sizes=\"auto, (max-width: 200px) 100vw, 200px\" \/><\/a>\n\t\t\t<\/dt>\n\t\t\t\t<dd class='wp-caption-text gallery-caption' id='gallery-1-2283'>\n\t\t\t\twydrzyk t\u0119posterny<i>juv, Niechorze, 27.09.2014<\/i>\n\t\t\t\t<\/dd><\/dl>\n\t\t\t<br style='clear: both' \/>\n\t\t<\/div>\n\n","protected":false},"excerpt":{"rendered":"","protected":false},"author":6,"featured_media":0,"parent":640,"menu_order":20,"comment_status":"closed","ping_status":"open","template":"","meta":{"footnotes":""},"class_list":["post-2150","page","type-page","status-publish","hentry"],"_links":{"self":[{"href":"http:\/\/marcinsolowiej.pl\/index.php?rest_route=\/wp\/v2\/pages\/2150","targetHints":{"allow":["GET"]}}],"collection":[{"href":"http:\/\/marcinsolowiej.pl\/index.php?rest_route=\/wp\/v2\/pages"}],"about":[{"href":"http:\/\/marcinsolowiej.pl\/index.php?rest_route=\/wp\/v2\/types\/page"}],"author":[{"embeddable":true,"href":"http:\/\/marcinsolowiej.pl\/index.php?rest_route=\/wp\/v2\/users\/6"}],"replies":[{"embeddable":true,"href":"http:\/\/marcinsolowiej.pl\/index.php?rest_route=%2Fwp%2Fv2%2Fcomments&post=2150"}],"version-history":[{"count":4,"href":"http:\/\/marcinsolowiej.pl\/index.php?rest_route=\/wp\/v2\/pages\/2150\/revisions"}],"predecessor-version":[{"id":2289,"href":"http:\/\/marcinsolowiej.pl\/index.php?rest_route=\/wp\/v2\/pages\/2150\/revisions\/2289"}],"up":[{"embeddable":true,"href":"http:\/\/marcinsolowiej.pl\/index.php?rest_route=\/wp\/v2\/pages\/640"}],"wp:attachment":[{"href":"http:\/\/marcinsolowiej.pl\/index.php?rest_route=%2Fwp%2Fv2%2Fmedia&parent=2150"}],"curies":[{"name":"wp","href":"https:\/\/api.w.org\/{rel}","templated":true}]}}