{"id":2171,"date":"2016-09-12T19:06:40","date_gmt":"2016-09-12T18:06:40","guid":{"rendered":"http:\/\/marcinsolowiej.pl\/?page_id=2171"},"modified":"2017-06-23T11:42:41","modified_gmt":"2017-06-23T10:42:41","slug":"mewa-czarnoglowa","status":"publish","type":"page","link":"http:\/\/marcinsolowiej.pl\/?page_id=2171","title":{"rendered":"mewa czarnog\u0142owa"},"content":{"rendered":"\n\t\t<style type=\"text\/css\">\n\t\t\t#gallery-1 {\n\t\t\t\tmargin: auto;\n\t\t\t}\n\t\t\t#gallery-1 .gallery-item {\n\t\t\t\tfloat: left;\n\t\t\t\tmargin-top: 10px;\n\t\t\t\ttext-align: center;\n\t\t\t\twidth: 33%;\n\t\t\t}\n\t\t\t#gallery-1 img {\n\t\t\t\tborder: 2px solid #cfcfcf;\n\t\t\t}\n\t\t\t#gallery-1 .gallery-caption {\n\t\t\t\tmargin-left: 0;\n\t\t\t}\n\t\t\t\/* see gallery_shortcode() in wp-includes\/media.php *\/\n\t\t<\/style>\n\t\t<div id='gallery-1' class='gallery galleryid-2171 gallery-columns-3 gallery-size-thumbnail'><dl class='gallery-item'>\n\t\t\t<dt class='gallery-icon landscape'>\n\t\t\t\t<a href='http:\/\/marcinsolowiej.pl\/?attachment_id=2130'><img loading=\"lazy\" decoding=\"async\" width=\"200\" height=\"133\" src=\"http:\/\/marcinsolowiej.pl\/wp-content\/uploads\/2016\/09\/Larus-melanocephalus_falo_02092016_MRS_3027_01-200x133.jpg\" class=\"attachment-thumbnail size-thumbnail\" alt=\"Mediterranean Gull\" aria-describedby=\"gallery-1-2130\" srcset=\"http:\/\/marcinsolowiej.pl\/wp-content\/uploads\/2016\/09\/Larus-melanocephalus_falo_02092016_MRS_3027_01-200x133.jpg 200w, http:\/\/marcinsolowiej.pl\/wp-content\/uploads\/2016\/09\/Larus-melanocephalus_falo_02092016_MRS_3027_01-624x416.jpg 624w, http:\/\/marcinsolowiej.pl\/wp-content\/uploads\/2016\/09\/Larus-melanocephalus_falo_02092016_MRS_3027_01.jpg 900w\" sizes=\"auto, (max-width: 200px) 100vw, 200px\" \/><\/a>\n\t\t\t<\/dt>\n\t\t\t\t<dd class='wp-caption-text gallery-caption' id='gallery-1-2130'>\n\t\t\t\tmewa czarnog\u0142owa<i>juv, \u015awinouj\u015bcie, 02.09.2016<\/i>\n\t\t\t\t<\/dd><\/dl><dl class='gallery-item'>\n\t\t\t<dt class='gallery-icon landscape'>\n\t\t\t\t<a href='http:\/\/marcinsolowiej.pl\/?attachment_id=2327'><img loading=\"lazy\" decoding=\"async\" width=\"200\" height=\"133\" src=\"http:\/\/marcinsolowiej.pl\/wp-content\/uploads\/2016\/09\/Larus-melanocephalus_Falo_02092016_MRS_3184-200x133.jpg\" class=\"attachment-thumbnail size-thumbnail\" alt=\"Mediterranean Gull\" aria-describedby=\"gallery-1-2327\" srcset=\"http:\/\/marcinsolowiej.pl\/wp-content\/uploads\/2016\/09\/Larus-melanocephalus_Falo_02092016_MRS_3184-200x133.jpg 200w, http:\/\/marcinsolowiej.pl\/wp-content\/uploads\/2016\/09\/Larus-melanocephalus_Falo_02092016_MRS_3184-624x416.jpg 624w, http:\/\/marcinsolowiej.pl\/wp-content\/uploads\/2016\/09\/Larus-melanocephalus_Falo_02092016_MRS_3184.jpg 900w\" sizes=\"auto, (max-width: 200px) 100vw, 200px\" \/><\/a>\n\t\t\t<\/dt>\n\t\t\t\t<dd class='wp-caption-text gallery-caption' id='gallery-1-2327'>\n\t\t\t\tmewa czarnog\u0142owa<i>juv, \u015awinouj\u015bcie, 02.09.2016<\/i>\n\t\t\t\t<\/dd><\/dl><dl class='gallery-item'>\n\t\t\t<dt class='gallery-icon landscape'>\n\t\t\t\t<a href='http:\/\/marcinsolowiej.pl\/?attachment_id=2326'><img loading=\"lazy\" decoding=\"async\" width=\"200\" height=\"133\" src=\"http:\/\/marcinsolowiej.pl\/wp-content\/uploads\/2016\/09\/Larus-melanocephalus_Falo_02092016_MRS_3179-200x133.jpg\" class=\"attachment-thumbnail size-thumbnail\" alt=\"Mediterranean Gull\" aria-describedby=\"gallery-1-2326\" srcset=\"http:\/\/marcinsolowiej.pl\/wp-content\/uploads\/2016\/09\/Larus-melanocephalus_Falo_02092016_MRS_3179-200x133.jpg 200w, http:\/\/marcinsolowiej.pl\/wp-content\/uploads\/2016\/09\/Larus-melanocephalus_Falo_02092016_MRS_3179-624x416.jpg 624w, http:\/\/marcinsolowiej.pl\/wp-content\/uploads\/2016\/09\/Larus-melanocephalus_Falo_02092016_MRS_3179.jpg 900w\" sizes=\"auto, (max-width: 200px) 100vw, 200px\" \/><\/a>\n\t\t\t<\/dt>\n\t\t\t\t<dd class='wp-caption-text gallery-caption' id='gallery-1-2326'>\n\t\t\t\tmewa czarnog\u0142owa<i>juv, \u015awinouj\u015bcie, 02.09.2016<\/i>\n\t\t\t\t<\/dd><\/dl><br style=\"clear: both\" \/>\n\t\t<\/div>\n\n","protected":false},"excerpt":{"rendered":"","protected":false},"author":6,"featured_media":0,"parent":640,"menu_order":60,"comment_status":"closed","ping_status":"open","template":"","meta":{"footnotes":""},"class_list":["post-2171","page","type-page","status-publish","hentry"],"_links":{"self":[{"href":"http:\/\/marcinsolowiej.pl\/index.php?rest_route=\/wp\/v2\/pages\/2171","targetHints":{"allow":["GET"]}}],"collection":[{"href":"http:\/\/marcinsolowiej.pl\/index.php?rest_route=\/wp\/v2\/pages"}],"about":[{"href":"http:\/\/marcinsolowiej.pl\/index.php?rest_route=\/wp\/v2\/types\/page"}],"author":[{"embeddable":true,"href":"http:\/\/marcinsolowiej.pl\/index.php?rest_route=\/wp\/v2\/users\/6"}],"replies":[{"embeddable":true,"href":"http:\/\/marcinsolowiej.pl\/index.php?rest_route=%2Fwp%2Fv2%2Fcomments&post=2171"}],"version-history":[{"count":2,"href":"http:\/\/marcinsolowiej.pl\/index.php?rest_route=\/wp\/v2\/pages\/2171\/revisions"}],"predecessor-version":[{"id":2780,"href":"http:\/\/marcinsolowiej.pl\/index.php?rest_route=\/wp\/v2\/pages\/2171\/revisions\/2780"}],"up":[{"embeddable":true,"href":"http:\/\/marcinsolowiej.pl\/index.php?rest_route=\/wp\/v2\/pages\/640"}],"wp:attachment":[{"href":"http:\/\/marcinsolowiej.pl\/index.php?rest_route=%2Fwp%2Fv2%2Fmedia&parent=2171"}],"curies":[{"name":"wp","href":"https:\/\/api.w.org\/{rel}","templated":true}]}}