{"id":2189,"date":"2016-09-12T19:19:16","date_gmt":"2016-09-12T18:19:16","guid":{"rendered":"http:\/\/marcinsolowiej.pl\/?page_id=2189"},"modified":"2017-08-07T14:24:23","modified_gmt":"2017-08-07T13:24:23","slug":"rybitwa-bialoczelna","status":"publish","type":"page","link":"http:\/\/marcinsolowiej.pl\/?page_id=2189","title":{"rendered":"rybitwa bia\u0142oczelna"},"content":{"rendered":"\n\t\t<style type=\"text\/css\">\n\t\t\t#gallery-1 {\n\t\t\t\tmargin: auto;\n\t\t\t}\n\t\t\t#gallery-1 .gallery-item {\n\t\t\t\tfloat: left;\n\t\t\t\tmargin-top: 10px;\n\t\t\t\ttext-align: center;\n\t\t\t\twidth: 33%;\n\t\t\t}\n\t\t\t#gallery-1 img {\n\t\t\t\tborder: 2px solid #cfcfcf;\n\t\t\t}\n\t\t\t#gallery-1 .gallery-caption {\n\t\t\t\tmargin-left: 0;\n\t\t\t}\n\t\t\t\/* see gallery_shortcode() in wp-includes\/media.php *\/\n\t\t<\/style>\n\t\t<div id='gallery-1' class='gallery galleryid-2189 gallery-columns-3 gallery-size-thumbnail'><dl class='gallery-item'>\n\t\t\t<dt class='gallery-icon landscape'>\n\t\t\t\t<a href='http:\/\/marcinsolowiej.pl\/?attachment_id=3002'><img loading=\"lazy\" decoding=\"async\" width=\"200\" height=\"133\" src=\"http:\/\/marcinsolowiej.pl\/wp-content\/uploads\/2017\/08\/Sternula-albifrons_Uj\u015bcie-Wis\u0142y_MRS_4792-200x133.jpg\" class=\"attachment-thumbnail size-thumbnail\" alt=\"Little Tern\" aria-describedby=\"gallery-1-3002\" srcset=\"http:\/\/marcinsolowiej.pl\/wp-content\/uploads\/2017\/08\/Sternula-albifrons_Uj\u015bcie-Wis\u0142y_MRS_4792-200x133.jpg 200w, http:\/\/marcinsolowiej.pl\/wp-content\/uploads\/2017\/08\/Sternula-albifrons_Uj\u015bcie-Wis\u0142y_MRS_4792-768x512.jpg 768w, http:\/\/marcinsolowiej.pl\/wp-content\/uploads\/2017\/08\/Sternula-albifrons_Uj\u015bcie-Wis\u0142y_MRS_4792-624x416.jpg 624w, http:\/\/marcinsolowiej.pl\/wp-content\/uploads\/2017\/08\/Sternula-albifrons_Uj\u015bcie-Wis\u0142y_MRS_4792.jpg 900w\" sizes=\"auto, (max-width: 200px) 100vw, 200px\" \/><\/a>\n\t\t\t<\/dt>\n\t\t\t\t<dd class='wp-caption-text gallery-caption' id='gallery-1-3002'>\n\t\t\t\trybitwa bia\u0142oczelna<i>\u015awibno, 11.07.2015\n\t\t\t\t<\/dd><\/dl><dl class='gallery-item'>\n\t\t\t<dt class='gallery-icon landscape'>\n\t\t\t\t<a href='http:\/\/marcinsolowiej.pl\/?attachment_id=3001'><img loading=\"lazy\" decoding=\"async\" width=\"200\" height=\"133\" src=\"http:\/\/marcinsolowiej.pl\/wp-content\/uploads\/2017\/08\/Sternula-albifrons_Ujscie-Wisly_Swibno_06072016_MRS_5770-200x133.jpg\" class=\"attachment-thumbnail size-thumbnail\" alt=\"Little Tern\" aria-describedby=\"gallery-1-3001\" srcset=\"http:\/\/marcinsolowiej.pl\/wp-content\/uploads\/2017\/08\/Sternula-albifrons_Ujscie-Wisly_Swibno_06072016_MRS_5770-200x133.jpg 200w, http:\/\/marcinsolowiej.pl\/wp-content\/uploads\/2017\/08\/Sternula-albifrons_Ujscie-Wisly_Swibno_06072016_MRS_5770-768x512.jpg 768w, http:\/\/marcinsolowiej.pl\/wp-content\/uploads\/2017\/08\/Sternula-albifrons_Ujscie-Wisly_Swibno_06072016_MRS_5770-624x416.jpg 624w, http:\/\/marcinsolowiej.pl\/wp-content\/uploads\/2017\/08\/Sternula-albifrons_Ujscie-Wisly_Swibno_06072016_MRS_5770.jpg 900w\" sizes=\"auto, (max-width: 200px) 100vw, 200px\" \/><\/a>\n\t\t\t<\/dt>\n\t\t\t\t<dd class='wp-caption-text gallery-caption' id='gallery-1-3001'>\n\t\t\t\trybitwa bia\u0142oczelna<i>\u015awibno, 06.07.2016\n\t\t\t\t<\/dd><\/dl><dl class='gallery-item'>\n\t\t\t<dt class='gallery-icon landscape'>\n\t\t\t\t<a href='http:\/\/marcinsolowiej.pl\/?attachment_id=3000'><img loading=\"lazy\" decoding=\"async\" width=\"200\" height=\"133\" src=\"http:\/\/marcinsolowiej.pl\/wp-content\/uploads\/2017\/08\/Sternula-albifrons_Ujscie-Wisly_Swibno_06072016_MRS_5658-200x133.jpg\" class=\"attachment-thumbnail size-thumbnail\" alt=\"Little Tern\" aria-describedby=\"gallery-1-3000\" srcset=\"http:\/\/marcinsolowiej.pl\/wp-content\/uploads\/2017\/08\/Sternula-albifrons_Ujscie-Wisly_Swibno_06072016_MRS_5658-200x133.jpg 200w, http:\/\/marcinsolowiej.pl\/wp-content\/uploads\/2017\/08\/Sternula-albifrons_Ujscie-Wisly_Swibno_06072016_MRS_5658-768x512.jpg 768w, http:\/\/marcinsolowiej.pl\/wp-content\/uploads\/2017\/08\/Sternula-albifrons_Ujscie-Wisly_Swibno_06072016_MRS_5658-624x416.jpg 624w, http:\/\/marcinsolowiej.pl\/wp-content\/uploads\/2017\/08\/Sternula-albifrons_Ujscie-Wisly_Swibno_06072016_MRS_5658.jpg 900w\" sizes=\"auto, (max-width: 200px) 100vw, 200px\" \/><\/a>\n\t\t\t<\/dt>\n\t\t\t\t<dd class='wp-caption-text gallery-caption' id='gallery-1-3000'>\n\t\t\t\trybitwa bia\u0142oczelna<i>\u015awibno, 06.07.2016\n\t\t\t\t<\/dd><\/dl><br style=\"clear: both\" \/><dl class='gallery-item'>\n\t\t\t<dt class='gallery-icon landscape'>\n\t\t\t\t<a href='http:\/\/marcinsolowiej.pl\/?attachment_id=3005'><img loading=\"lazy\" decoding=\"async\" width=\"200\" height=\"133\" src=\"http:\/\/marcinsolowiej.pl\/wp-content\/uploads\/2017\/08\/MG_1721_Stalb_MS-200x133.jpg\" class=\"attachment-thumbnail size-thumbnail\" alt=\"Little Tern\" aria-describedby=\"gallery-1-3005\" srcset=\"http:\/\/marcinsolowiej.pl\/wp-content\/uploads\/2017\/08\/MG_1721_Stalb_MS-200x133.jpg 200w, http:\/\/marcinsolowiej.pl\/wp-content\/uploads\/2017\/08\/MG_1721_Stalb_MS-768x512.jpg 768w, http:\/\/marcinsolowiej.pl\/wp-content\/uploads\/2017\/08\/MG_1721_Stalb_MS-624x416.jpg 624w, http:\/\/marcinsolowiej.pl\/wp-content\/uploads\/2017\/08\/MG_1721_Stalb_MS.jpg 900w\" sizes=\"auto, (max-width: 200px) 100vw, 200px\" \/><\/a>\n\t\t\t<\/dt>\n\t\t\t\t<dd class='wp-caption-text gallery-caption' id='gallery-1-3005'>\n\t\t\t\trybitwa bia\u0142oczelna<i>Dziwn\u00f3w, 13.07.2011\n\t\t\t\t<\/dd><\/dl><dl class='gallery-item'>\n\t\t\t<dt class='gallery-icon landscape'>\n\t\t\t\t<a href='http:\/\/marcinsolowiej.pl\/?attachment_id=2999'><img loading=\"lazy\" decoding=\"async\" width=\"200\" height=\"133\" src=\"http:\/\/marcinsolowiej.pl\/wp-content\/uploads\/2017\/08\/Sternula-albifrons_Ujscie-Wisly_Swibno_06072016_MRS_5586-200x133.jpg\" class=\"attachment-thumbnail size-thumbnail\" alt=\"Little Tern\" aria-describedby=\"gallery-1-2999\" srcset=\"http:\/\/marcinsolowiej.pl\/wp-content\/uploads\/2017\/08\/Sternula-albifrons_Ujscie-Wisly_Swibno_06072016_MRS_5586-200x133.jpg 200w, http:\/\/marcinsolowiej.pl\/wp-content\/uploads\/2017\/08\/Sternula-albifrons_Ujscie-Wisly_Swibno_06072016_MRS_5586-768x512.jpg 768w, http:\/\/marcinsolowiej.pl\/wp-content\/uploads\/2017\/08\/Sternula-albifrons_Ujscie-Wisly_Swibno_06072016_MRS_5586-624x416.jpg 624w, http:\/\/marcinsolowiej.pl\/wp-content\/uploads\/2017\/08\/Sternula-albifrons_Ujscie-Wisly_Swibno_06072016_MRS_5586.jpg 900w\" sizes=\"auto, (max-width: 200px) 100vw, 200px\" \/><\/a>\n\t\t\t<\/dt>\n\t\t\t\t<dd class='wp-caption-text gallery-caption' id='gallery-1-2999'>\n\t\t\t\trybitwa bia\u0142oczelna<i>\u015awibno, 06.07.2016\n\t\t\t\t<\/dd><\/dl><dl class='gallery-item'>\n\t\t\t<dt class='gallery-icon landscape'>\n\t\t\t\t<a href='http:\/\/marcinsolowiej.pl\/?attachment_id=2998'><img loading=\"lazy\" decoding=\"async\" width=\"200\" height=\"133\" src=\"http:\/\/marcinsolowiej.pl\/wp-content\/uploads\/2017\/08\/Sternula-albifrons_Ujscie-Wisly_Swibno_06072016_MRS_5483-200x133.jpg\" class=\"attachment-thumbnail size-thumbnail\" alt=\"Little Tern\" aria-describedby=\"gallery-1-2998\" srcset=\"http:\/\/marcinsolowiej.pl\/wp-content\/uploads\/2017\/08\/Sternula-albifrons_Ujscie-Wisly_Swibno_06072016_MRS_5483-200x133.jpg 200w, http:\/\/marcinsolowiej.pl\/wp-content\/uploads\/2017\/08\/Sternula-albifrons_Ujscie-Wisly_Swibno_06072016_MRS_5483-768x512.jpg 768w, http:\/\/marcinsolowiej.pl\/wp-content\/uploads\/2017\/08\/Sternula-albifrons_Ujscie-Wisly_Swibno_06072016_MRS_5483-624x416.jpg 624w, http:\/\/marcinsolowiej.pl\/wp-content\/uploads\/2017\/08\/Sternula-albifrons_Ujscie-Wisly_Swibno_06072016_MRS_5483.jpg 900w\" sizes=\"auto, (max-width: 200px) 100vw, 200px\" \/><\/a>\n\t\t\t<\/dt>\n\t\t\t\t<dd class='wp-caption-text gallery-caption' id='gallery-1-2998'>\n\t\t\t\trybitwa bia\u0142oczelna<i>\u015awibno, 06.07.2016\n\t\t\t\t<\/dd><\/dl><br style=\"clear: both\" \/><dl class='gallery-item'>\n\t\t\t<dt class='gallery-icon landscape'>\n\t\t\t\t<a href='http:\/\/marcinsolowiej.pl\/?attachment_id=2995'><img loading=\"lazy\" decoding=\"async\" width=\"200\" height=\"133\" src=\"http:\/\/marcinsolowiej.pl\/wp-content\/uploads\/2017\/08\/Falochron_02082017_MRS_5108_2-200x133.jpg\" class=\"attachment-thumbnail size-thumbnail\" alt=\"Little Tern\" aria-describedby=\"gallery-1-2995\" srcset=\"http:\/\/marcinsolowiej.pl\/wp-content\/uploads\/2017\/08\/Falochron_02082017_MRS_5108_2-200x133.jpg 200w, http:\/\/marcinsolowiej.pl\/wp-content\/uploads\/2017\/08\/Falochron_02082017_MRS_5108_2-768x512.jpg 768w, http:\/\/marcinsolowiej.pl\/wp-content\/uploads\/2017\/08\/Falochron_02082017_MRS_5108_2-624x416.jpg 624w, http:\/\/marcinsolowiej.pl\/wp-content\/uploads\/2017\/08\/Falochron_02082017_MRS_5108_2.jpg 900w\" sizes=\"auto, (max-width: 200px) 100vw, 200px\" \/><\/a>\n\t\t\t<\/dt>\n\t\t\t\t<dd class='wp-caption-text gallery-caption' id='gallery-1-2995'>\n\t\t\t\trybitwa bia\u0142oczelna<i>\u015awinouj\u015bcie, 20.07.2017\n\t\t\t\t<\/dd><\/dl><dl class='gallery-item'>\n\t\t\t<dt class='gallery-icon landscape'>\n\t\t\t\t<a href='http:\/\/marcinsolowiej.pl\/?attachment_id=3011'><img loading=\"lazy\" decoding=\"async\" width=\"200\" height=\"133\" src=\"http:\/\/marcinsolowiej.pl\/wp-content\/uploads\/2017\/08\/Sternula-albifrons_S-paradisaea_Falo_20082010_MG_8212-200x133.jpg\" class=\"attachment-thumbnail size-thumbnail\" alt=\"Little and Arctic Terns\" aria-describedby=\"gallery-1-3011\" srcset=\"http:\/\/marcinsolowiej.pl\/wp-content\/uploads\/2017\/08\/Sternula-albifrons_S-paradisaea_Falo_20082010_MG_8212-200x133.jpg 200w, http:\/\/marcinsolowiej.pl\/wp-content\/uploads\/2017\/08\/Sternula-albifrons_S-paradisaea_Falo_20082010_MG_8212-768x512.jpg 768w, http:\/\/marcinsolowiej.pl\/wp-content\/uploads\/2017\/08\/Sternula-albifrons_S-paradisaea_Falo_20082010_MG_8212-624x416.jpg 624w, http:\/\/marcinsolowiej.pl\/wp-content\/uploads\/2017\/08\/Sternula-albifrons_S-paradisaea_Falo_20082010_MG_8212.jpg 900w\" sizes=\"auto, (max-width: 200px) 100vw, 200px\" \/><\/a>\n\t\t\t<\/dt>\n\t\t\t\t<dd class='wp-caption-text gallery-caption' id='gallery-1-3011'>\n\t\t\t\trybitwa bia\u0142oczelna i popielata<i>juv, \u015awinouj\u015bcie, 20.07.2017\n\t\t\t\t<\/dd><\/dl><dl class='gallery-item'>\n\t\t\t<dt class='gallery-icon landscape'>\n\t\t\t\t<a href='http:\/\/marcinsolowiej.pl\/?attachment_id=3010'><img loading=\"lazy\" decoding=\"async\" width=\"200\" height=\"133\" src=\"http:\/\/marcinsolowiej.pl\/wp-content\/uploads\/2017\/08\/Sternula-albifrons_S-paradisaea_Falo_20082010_MG_8236-200x133.jpg\" class=\"attachment-thumbnail size-thumbnail\" alt=\"Little, Arctic and Black Terns\" aria-describedby=\"gallery-1-3010\" srcset=\"http:\/\/marcinsolowiej.pl\/wp-content\/uploads\/2017\/08\/Sternula-albifrons_S-paradisaea_Falo_20082010_MG_8236-200x133.jpg 200w, http:\/\/marcinsolowiej.pl\/wp-content\/uploads\/2017\/08\/Sternula-albifrons_S-paradisaea_Falo_20082010_MG_8236-768x512.jpg 768w, http:\/\/marcinsolowiej.pl\/wp-content\/uploads\/2017\/08\/Sternula-albifrons_S-paradisaea_Falo_20082010_MG_8236-624x416.jpg 624w, http:\/\/marcinsolowiej.pl\/wp-content\/uploads\/2017\/08\/Sternula-albifrons_S-paradisaea_Falo_20082010_MG_8236.jpg 900w\" sizes=\"auto, (max-width: 200px) 100vw, 200px\" \/><\/a>\n\t\t\t<\/dt>\n\t\t\t\t<dd class='wp-caption-text gallery-caption' id='gallery-1-3010'>\n\t\t\t\trybitwa bia\u0142oczelna, popielata i czarna<i>\u015awinouj\u015bcie, 20.07.2017\n\t\t\t\t<\/dd><\/dl><br style=\"clear: both\" \/>\n\t\t<\/div>\n\n","protected":false},"excerpt":{"rendered":"","protected":false},"author":6,"featured_media":0,"parent":640,"menu_order":140,"comment_status":"closed","ping_status":"open","template":"","meta":{"footnotes":""},"class_list":["post-2189","page","type-page","status-publish","hentry"],"_links":{"self":[{"href":"http:\/\/marcinsolowiej.pl\/index.php?rest_route=\/wp\/v2\/pages\/2189","targetHints":{"allow":["GET"]}}],"collection":[{"href":"http:\/\/marcinsolowiej.pl\/index.php?rest_route=\/wp\/v2\/pages"}],"about":[{"href":"http:\/\/marcinsolowiej.pl\/index.php?rest_route=\/wp\/v2\/types\/page"}],"author":[{"embeddable":true,"href":"http:\/\/marcinsolowiej.pl\/index.php?rest_route=\/wp\/v2\/users\/6"}],"replies":[{"embeddable":true,"href":"http:\/\/marcinsolowiej.pl\/index.php?rest_route=%2Fwp%2Fv2%2Fcomments&post=2189"}],"version-history":[{"count":5,"href":"http:\/\/marcinsolowiej.pl\/index.php?rest_route=\/wp\/v2\/pages\/2189\/revisions"}],"predecessor-version":[{"id":3014,"href":"http:\/\/marcinsolowiej.pl\/index.php?rest_route=\/wp\/v2\/pages\/2189\/revisions\/3014"}],"up":[{"embeddable":true,"href":"http:\/\/marcinsolowiej.pl\/index.php?rest_route=\/wp\/v2\/pages\/640"}],"wp:attachment":[{"href":"http:\/\/marcinsolowiej.pl\/index.php?rest_route=%2Fwp%2Fv2%2Fmedia&parent=2189"}],"curies":[{"name":"wp","href":"https:\/\/api.w.org\/{rel}","templated":true}]}}