{"id":2392,"date":"2016-11-21T23:55:38","date_gmt":"2016-11-21T22:55:38","guid":{"rendered":"http:\/\/marcinsolowiej.pl\/?page_id=2392"},"modified":"2017-12-06T21:48:21","modified_gmt":"2017-12-06T20:48:21","slug":"sieweczka-obrozna","status":"publish","type":"page","link":"http:\/\/marcinsolowiej.pl\/?page_id=2392","title":{"rendered":"sieweczka obro\u017cna"},"content":{"rendered":"\n\t\t<style type=\"text\/css\">\n\t\t\t#gallery-1 {\n\t\t\t\tmargin: auto;\n\t\t\t}\n\t\t\t#gallery-1 .gallery-item {\n\t\t\t\tfloat: left;\n\t\t\t\tmargin-top: 10px;\n\t\t\t\ttext-align: center;\n\t\t\t\twidth: 33%;\n\t\t\t}\n\t\t\t#gallery-1 img {\n\t\t\t\tborder: 2px solid #cfcfcf;\n\t\t\t}\n\t\t\t#gallery-1 .gallery-caption {\n\t\t\t\tmargin-left: 0;\n\t\t\t}\n\t\t\t\/* see gallery_shortcode() in wp-includes\/media.php *\/\n\t\t<\/style>\n\t\t<div id='gallery-1' class='gallery galleryid-2392 gallery-columns-3 gallery-size-thumbnail'><dl class='gallery-item'>\n\t\t\t<dt class='gallery-icon landscape'>\n\t\t\t\t<a href='http:\/\/marcinsolowiej.pl\/?attachment_id=3038'><img loading=\"lazy\" decoding=\"async\" width=\"200\" height=\"133\" src=\"http:\/\/marcinsolowiej.pl\/wp-content\/uploads\/2017\/09\/Witkowo_26092017_MRS_5466_1-200x133.jpg\" class=\"attachment-thumbnail size-thumbnail\" alt=\"Common Ringed Plover\" aria-describedby=\"gallery-1-3038\" srcset=\"http:\/\/marcinsolowiej.pl\/wp-content\/uploads\/2017\/09\/Witkowo_26092017_MRS_5466_1-200x133.jpg 200w, http:\/\/marcinsolowiej.pl\/wp-content\/uploads\/2017\/09\/Witkowo_26092017_MRS_5466_1-768x512.jpg 768w, http:\/\/marcinsolowiej.pl\/wp-content\/uploads\/2017\/09\/Witkowo_26092017_MRS_5466_1-624x416.jpg 624w, http:\/\/marcinsolowiej.pl\/wp-content\/uploads\/2017\/09\/Witkowo_26092017_MRS_5466_1.jpg 900w\" sizes=\"auto, (max-width: 200px) 100vw, 200px\" \/><\/a>\n\t\t\t<\/dt>\n\t\t\t\t<dd class='wp-caption-text gallery-caption' id='gallery-1-3038'>\n\t\t\t\tsieweczka obro\u017cna<i>juv, Witkowo, 26.09.2017<\/i>\n\t\t\t\t<\/dd><\/dl><dl class='gallery-item'>\n\t\t\t<dt class='gallery-icon landscape'>\n\t\t\t\t<a href='http:\/\/marcinsolowiej.pl\/?attachment_id=2329'><img loading=\"lazy\" decoding=\"async\" width=\"200\" height=\"133\" src=\"http:\/\/marcinsolowiej.pl\/wp-content\/uploads\/2016\/09\/Charadrius-hiaticula_Swinoujscie_02092016_MRS_2672-200x133.jpg\" class=\"attachment-thumbnail size-thumbnail\" alt=\"Common Ringed Plover\" aria-describedby=\"gallery-1-2329\" srcset=\"http:\/\/marcinsolowiej.pl\/wp-content\/uploads\/2016\/09\/Charadrius-hiaticula_Swinoujscie_02092016_MRS_2672-200x133.jpg 200w, http:\/\/marcinsolowiej.pl\/wp-content\/uploads\/2016\/09\/Charadrius-hiaticula_Swinoujscie_02092016_MRS_2672-624x416.jpg 624w, http:\/\/marcinsolowiej.pl\/wp-content\/uploads\/2016\/09\/Charadrius-hiaticula_Swinoujscie_02092016_MRS_2672.jpg 900w\" sizes=\"auto, (max-width: 200px) 100vw, 200px\" \/><\/a>\n\t\t\t<\/dt>\n\t\t\t\t<dd class='wp-caption-text gallery-caption' id='gallery-1-2329'>\n\t\t\t\tsieweczka obro\u017cna<i>ad, \u015awinouj\u015bcie, 02.09.2016<\/i>\n\t\t\t\t<\/dd><\/dl>\n\t\t\t<br style='clear: both' \/>\n\t\t<\/div>\n\n","protected":false},"excerpt":{"rendered":"","protected":false},"author":6,"featured_media":0,"parent":635,"menu_order":10,"comment_status":"closed","ping_status":"open","template":"","meta":{"footnotes":""},"class_list":["post-2392","page","type-page","status-publish","hentry"],"_links":{"self":[{"href":"http:\/\/marcinsolowiej.pl\/index.php?rest_route=\/wp\/v2\/pages\/2392","targetHints":{"allow":["GET"]}}],"collection":[{"href":"http:\/\/marcinsolowiej.pl\/index.php?rest_route=\/wp\/v2\/pages"}],"about":[{"href":"http:\/\/marcinsolowiej.pl\/index.php?rest_route=\/wp\/v2\/types\/page"}],"author":[{"embeddable":true,"href":"http:\/\/marcinsolowiej.pl\/index.php?rest_route=\/wp\/v2\/users\/6"}],"replies":[{"embeddable":true,"href":"http:\/\/marcinsolowiej.pl\/index.php?rest_route=%2Fwp%2Fv2%2Fcomments&post=2392"}],"version-history":[{"count":4,"href":"http:\/\/marcinsolowiej.pl\/index.php?rest_route=\/wp\/v2\/pages\/2392\/revisions"}],"predecessor-version":[{"id":3128,"href":"http:\/\/marcinsolowiej.pl\/index.php?rest_route=\/wp\/v2\/pages\/2392\/revisions\/3128"}],"up":[{"embeddable":true,"href":"http:\/\/marcinsolowiej.pl\/index.php?rest_route=\/wp\/v2\/pages\/635"}],"wp:attachment":[{"href":"http:\/\/marcinsolowiej.pl\/index.php?rest_route=%2Fwp%2Fv2%2Fmedia&parent=2392"}],"curies":[{"name":"wp","href":"https:\/\/api.w.org\/{rel}","templated":true}]}}