{"id":2884,"date":"2017-06-25T10:56:01","date_gmt":"2017-06-25T09:56:01","guid":{"rendered":"http:\/\/marcinsolowiej.pl\/?page_id=2884"},"modified":"2022-08-18T18:23:31","modified_gmt":"2022-08-18T17:23:31","slug":"wrobel","status":"publish","type":"page","link":"http:\/\/marcinsolowiej.pl\/?page_id=2884","title":{"rendered":"wr\u00f3bel"},"content":{"rendered":"\n\t\t<style type=\"text\/css\">\n\t\t\t#gallery-1 {\n\t\t\t\tmargin: auto;\n\t\t\t}\n\t\t\t#gallery-1 .gallery-item {\n\t\t\t\tfloat: left;\n\t\t\t\tmargin-top: 10px;\n\t\t\t\ttext-align: center;\n\t\t\t\twidth: 33%;\n\t\t\t}\n\t\t\t#gallery-1 img {\n\t\t\t\tborder: 2px solid #cfcfcf;\n\t\t\t}\n\t\t\t#gallery-1 .gallery-caption {\n\t\t\t\tmargin-left: 0;\n\t\t\t}\n\t\t\t\/* see gallery_shortcode() in wp-includes\/media.php *\/\n\t\t<\/style>\n\t\t<div id='gallery-1' class='gallery galleryid-2884 gallery-columns-3 gallery-size-thumbnail'><dl class='gallery-item'>\n\t\t\t<dt class='gallery-icon landscape'>\n\t\t\t\t<a href='http:\/\/marcinsolowiej.pl\/?attachment_id=2882'><img loading=\"lazy\" decoding=\"async\" width=\"200\" height=\"133\" src=\"http:\/\/marcinsolowiej.pl\/wp-content\/uploads\/2017\/06\/Krynica-Morska_31052016_DSCN6982-200x133.jpg\" class=\"attachment-thumbnail size-thumbnail\" alt=\"House Sparrow\" aria-describedby=\"gallery-1-2882\" srcset=\"http:\/\/marcinsolowiej.pl\/wp-content\/uploads\/2017\/06\/Krynica-Morska_31052016_DSCN6982-200x133.jpg 200w, http:\/\/marcinsolowiej.pl\/wp-content\/uploads\/2017\/06\/Krynica-Morska_31052016_DSCN6982-624x416.jpg 624w, http:\/\/marcinsolowiej.pl\/wp-content\/uploads\/2017\/06\/Krynica-Morska_31052016_DSCN6982.jpg 900w\" sizes=\"auto, (max-width: 200px) 100vw, 200px\" \/><\/a>\n\t\t\t<\/dt>\n\t\t\t\t<dd class='wp-caption-text gallery-caption' id='gallery-1-2882'>\n\t\t\t\twr\u00f3bel<i>samiec, Krynica Morska, 31.05.2016<\/i>\n\t\t\t\t<\/dd><\/dl><dl class='gallery-item'>\n\t\t\t<dt class='gallery-icon landscape'>\n\t\t\t\t<a href='http:\/\/marcinsolowiej.pl\/?attachment_id=2881'><img loading=\"lazy\" decoding=\"async\" width=\"200\" height=\"133\" src=\"http:\/\/marcinsolowiej.pl\/wp-content\/uploads\/2017\/06\/Krynica-Morska_31052016_DSCN6978-200x133.jpg\" class=\"attachment-thumbnail size-thumbnail\" alt=\"House Sparrow\" aria-describedby=\"gallery-1-2881\" srcset=\"http:\/\/marcinsolowiej.pl\/wp-content\/uploads\/2017\/06\/Krynica-Morska_31052016_DSCN6978-200x133.jpg 200w, http:\/\/marcinsolowiej.pl\/wp-content\/uploads\/2017\/06\/Krynica-Morska_31052016_DSCN6978-624x416.jpg 624w, http:\/\/marcinsolowiej.pl\/wp-content\/uploads\/2017\/06\/Krynica-Morska_31052016_DSCN6978.jpg 900w\" sizes=\"auto, (max-width: 200px) 100vw, 200px\" \/><\/a>\n\t\t\t<\/dt>\n\t\t\t\t<dd class='wp-caption-text gallery-caption' id='gallery-1-2881'>\n\t\t\t\twr\u00f3bel<i>m\u0142ody, Krynica Morska, 31.05.2016<\/i>\n\t\t\t\t<\/dd><\/dl><dl class='gallery-item'>\n\t\t\t<dt class='gallery-icon landscape'>\n\t\t\t\t<a href='http:\/\/marcinsolowiej.pl\/?attachment_id=2880'><img loading=\"lazy\" decoding=\"async\" width=\"200\" height=\"133\" src=\"http:\/\/marcinsolowiej.pl\/wp-content\/uploads\/2017\/06\/Dar\u0142\u00f3wek_08102015_MRS_8694-200x133.jpg\" class=\"attachment-thumbnail size-thumbnail\" alt=\"House Sparrow\" aria-describedby=\"gallery-1-2880\" srcset=\"http:\/\/marcinsolowiej.pl\/wp-content\/uploads\/2017\/06\/Dar\u0142\u00f3wek_08102015_MRS_8694-200x133.jpg 200w, http:\/\/marcinsolowiej.pl\/wp-content\/uploads\/2017\/06\/Dar\u0142\u00f3wek_08102015_MRS_8694-624x416.jpg 624w, http:\/\/marcinsolowiej.pl\/wp-content\/uploads\/2017\/06\/Dar\u0142\u00f3wek_08102015_MRS_8694.jpg 900w\" sizes=\"auto, (max-width: 200px) 100vw, 200px\" \/><\/a>\n\t\t\t<\/dt>\n\t\t\t\t<dd class='wp-caption-text gallery-caption' id='gallery-1-2880'>\n\t\t\t\twr\u00f3bel<i>Dar\u0142\u00f3wko, 08.10.2015<\/i>\n\t\t\t\t<\/dd><\/dl><br style=\"clear: both\" \/>\n\t\t<\/div>\n\n","protected":false},"excerpt":{"rendered":"","protected":false},"author":6,"featured_media":0,"parent":706,"menu_order":5,"comment_status":"closed","ping_status":"open","template":"","meta":{"footnotes":""},"class_list":["post-2884","page","type-page","status-publish","hentry"],"_links":{"self":[{"href":"http:\/\/marcinsolowiej.pl\/index.php?rest_route=\/wp\/v2\/pages\/2884","targetHints":{"allow":["GET"]}}],"collection":[{"href":"http:\/\/marcinsolowiej.pl\/index.php?rest_route=\/wp\/v2\/pages"}],"about":[{"href":"http:\/\/marcinsolowiej.pl\/index.php?rest_route=\/wp\/v2\/types\/page"}],"author":[{"embeddable":true,"href":"http:\/\/marcinsolowiej.pl\/index.php?rest_route=\/wp\/v2\/users\/6"}],"replies":[{"embeddable":true,"href":"http:\/\/marcinsolowiej.pl\/index.php?rest_route=%2Fwp%2Fv2%2Fcomments&post=2884"}],"version-history":[{"count":3,"href":"http:\/\/marcinsolowiej.pl\/index.php?rest_route=\/wp\/v2\/pages\/2884\/revisions"}],"predecessor-version":[{"id":2887,"href":"http:\/\/marcinsolowiej.pl\/index.php?rest_route=\/wp\/v2\/pages\/2884\/revisions\/2887"}],"up":[{"embeddable":true,"href":"http:\/\/marcinsolowiej.pl\/index.php?rest_route=\/wp\/v2\/pages\/706"}],"wp:attachment":[{"href":"http:\/\/marcinsolowiej.pl\/index.php?rest_route=%2Fwp%2Fv2%2Fmedia&parent=2884"}],"curies":[{"name":"wp","href":"https:\/\/api.w.org\/{rel}","templated":true}]}}