{"id":4043,"date":"2022-08-22T17:22:12","date_gmt":"2022-08-22T16:22:12","guid":{"rendered":"http:\/\/marcinsolowiej.pl\/?page_id=4043"},"modified":"2022-08-22T18:03:11","modified_gmt":"2022-08-22T17:03:11","slug":"strzyzyk","status":"publish","type":"page","link":"http:\/\/marcinsolowiej.pl\/?page_id=4043","title":{"rendered":"strzy\u017cyk"},"content":{"rendered":"\n\t\t<style type=\"text\/css\">\n\t\t\t#gallery-1 {\n\t\t\t\tmargin: auto;\n\t\t\t}\n\t\t\t#gallery-1 .gallery-item {\n\t\t\t\tfloat: left;\n\t\t\t\tmargin-top: 10px;\n\t\t\t\ttext-align: center;\n\t\t\t\twidth: 33%;\n\t\t\t}\n\t\t\t#gallery-1 img {\n\t\t\t\tborder: 2px solid #cfcfcf;\n\t\t\t}\n\t\t\t#gallery-1 .gallery-caption {\n\t\t\t\tmargin-left: 0;\n\t\t\t}\n\t\t\t\/* see gallery_shortcode() in wp-includes\/media.php *\/\n\t\t<\/style>\n\t\t<div id='gallery-1' class='gallery galleryid-4043 gallery-columns-3 gallery-size-thumbnail'><dl class='gallery-item'>\n\t\t\t<dt class='gallery-icon landscape'>\n\t\t\t\t<a href='http:\/\/marcinsolowiej.pl\/?attachment_id=3420'><img loading=\"lazy\" decoding=\"async\" width=\"200\" height=\"133\" src=\"http:\/\/marcinsolowiej.pl\/wp-content\/uploads\/2018\/04\/Troglodytes-troglodytes_Baltic-Pipe_MB07_09042018_MRS2126-200x133.jpg\" class=\"attachment-thumbnail size-thumbnail\" alt=\"Eurasian Wren\" aria-describedby=\"gallery-1-3420\" srcset=\"http:\/\/marcinsolowiej.pl\/wp-content\/uploads\/2018\/04\/Troglodytes-troglodytes_Baltic-Pipe_MB07_09042018_MRS2126-200x133.jpg 200w, http:\/\/marcinsolowiej.pl\/wp-content\/uploads\/2018\/04\/Troglodytes-troglodytes_Baltic-Pipe_MB07_09042018_MRS2126-768x512.jpg 768w, http:\/\/marcinsolowiej.pl\/wp-content\/uploads\/2018\/04\/Troglodytes-troglodytes_Baltic-Pipe_MB07_09042018_MRS2126-1024x683.jpg 1024w, http:\/\/marcinsolowiej.pl\/wp-content\/uploads\/2018\/04\/Troglodytes-troglodytes_Baltic-Pipe_MB07_09042018_MRS2126-624x416.jpg 624w, http:\/\/marcinsolowiej.pl\/wp-content\/uploads\/2018\/04\/Troglodytes-troglodytes_Baltic-Pipe_MB07_09042018_MRS2126.jpg 1200w\" sizes=\"auto, (max-width: 200px) 100vw, 200px\" \/><\/a>\n\t\t\t<\/dt>\n\t\t\t\t<dd class='wp-caption-text gallery-caption' id='gallery-1-3420'>\n\t\t\t\tstrzy\u017cyk <i>Ba\u0142tyk, 09.04.2018<\/i>\n\t\t\t\t<\/dd><\/dl><dl class='gallery-item'>\n\t\t\t<dt class='gallery-icon landscape'>\n\t\t\t\t<a href='http:\/\/marcinsolowiej.pl\/?attachment_id=3419'><img loading=\"lazy\" decoding=\"async\" width=\"200\" height=\"133\" src=\"http:\/\/marcinsolowiej.pl\/wp-content\/uploads\/2018\/04\/Troglodytes-troglodytes_Baltic-Pipe_MB07_09042018_MRS2098-200x133.jpg\" class=\"attachment-thumbnail size-thumbnail\" alt=\"Eurasian Wren\" aria-describedby=\"gallery-1-3419\" srcset=\"http:\/\/marcinsolowiej.pl\/wp-content\/uploads\/2018\/04\/Troglodytes-troglodytes_Baltic-Pipe_MB07_09042018_MRS2098-200x133.jpg 200w, http:\/\/marcinsolowiej.pl\/wp-content\/uploads\/2018\/04\/Troglodytes-troglodytes_Baltic-Pipe_MB07_09042018_MRS2098-768x512.jpg 768w, http:\/\/marcinsolowiej.pl\/wp-content\/uploads\/2018\/04\/Troglodytes-troglodytes_Baltic-Pipe_MB07_09042018_MRS2098-1024x683.jpg 1024w, http:\/\/marcinsolowiej.pl\/wp-content\/uploads\/2018\/04\/Troglodytes-troglodytes_Baltic-Pipe_MB07_09042018_MRS2098-624x416.jpg 624w, http:\/\/marcinsolowiej.pl\/wp-content\/uploads\/2018\/04\/Troglodytes-troglodytes_Baltic-Pipe_MB07_09042018_MRS2098.jpg 1200w\" sizes=\"auto, (max-width: 200px) 100vw, 200px\" \/><\/a>\n\t\t\t<\/dt>\n\t\t\t\t<dd class='wp-caption-text gallery-caption' id='gallery-1-3419'>\n\t\t\t\tstrzy\u017cyk <i>Ba\u0142tyk, 09.04.2018<\/i>\n\t\t\t\t<\/dd><\/dl><dl class='gallery-item'>\n\t\t\t<dt class='gallery-icon landscape'>\n\t\t\t\t<a href='http:\/\/marcinsolowiej.pl\/?attachment_id=3418'><img loading=\"lazy\" decoding=\"async\" width=\"200\" height=\"133\" src=\"http:\/\/marcinsolowiej.pl\/wp-content\/uploads\/2018\/04\/Troglodytes-troglodytes_Baltic-Pipe_MB07_09042018_MRS2102-200x133.jpg\" class=\"attachment-thumbnail size-thumbnail\" alt=\"Eurasian Wren\" aria-describedby=\"gallery-1-3418\" srcset=\"http:\/\/marcinsolowiej.pl\/wp-content\/uploads\/2018\/04\/Troglodytes-troglodytes_Baltic-Pipe_MB07_09042018_MRS2102-200x133.jpg 200w, http:\/\/marcinsolowiej.pl\/wp-content\/uploads\/2018\/04\/Troglodytes-troglodytes_Baltic-Pipe_MB07_09042018_MRS2102-768x512.jpg 768w, http:\/\/marcinsolowiej.pl\/wp-content\/uploads\/2018\/04\/Troglodytes-troglodytes_Baltic-Pipe_MB07_09042018_MRS2102-1024x683.jpg 1024w, http:\/\/marcinsolowiej.pl\/wp-content\/uploads\/2018\/04\/Troglodytes-troglodytes_Baltic-Pipe_MB07_09042018_MRS2102-624x416.jpg 624w, http:\/\/marcinsolowiej.pl\/wp-content\/uploads\/2018\/04\/Troglodytes-troglodytes_Baltic-Pipe_MB07_09042018_MRS2102.jpg 1200w\" sizes=\"auto, (max-width: 200px) 100vw, 200px\" \/><\/a>\n\t\t\t<\/dt>\n\t\t\t\t<dd class='wp-caption-text gallery-caption' id='gallery-1-3418'>\n\t\t\t\tstrzy\u017cyk <i>Ba\u0142tyk, 09.04.2018<\/i>\n\t\t\t\t<\/dd><\/dl><br style=\"clear: both\" \/><dl class='gallery-item'>\n\t\t\t<dt class='gallery-icon landscape'>\n\t\t\t\t<a href='http:\/\/marcinsolowiej.pl\/?attachment_id=4041'><img loading=\"lazy\" decoding=\"async\" width=\"200\" height=\"133\" src=\"http:\/\/marcinsolowiej.pl\/wp-content\/uploads\/2022\/08\/MG_0827_Trotro_MS-200x133.jpg\" class=\"attachment-thumbnail size-thumbnail\" alt=\"Eurasian Wren\" aria-describedby=\"gallery-1-4041\" srcset=\"http:\/\/marcinsolowiej.pl\/wp-content\/uploads\/2022\/08\/MG_0827_Trotro_MS-200x133.jpg 200w, http:\/\/marcinsolowiej.pl\/wp-content\/uploads\/2022\/08\/MG_0827_Trotro_MS-768x512.jpg 768w, http:\/\/marcinsolowiej.pl\/wp-content\/uploads\/2022\/08\/MG_0827_Trotro_MS-624x416.jpg 624w, http:\/\/marcinsolowiej.pl\/wp-content\/uploads\/2022\/08\/MG_0827_Trotro_MS.jpg 900w\" sizes=\"auto, (max-width: 200px) 100vw, 200px\" \/><\/a>\n\t\t\t<\/dt>\n\t\t\t\t<dd class='wp-caption-text gallery-caption' id='gallery-1-4041'>\n\t\t\t\tstrzy\u017cyk <i>\u015awinouj\u015bcie, 08.03.2017<\/i>\n\t\t\t\t<\/dd><\/dl><dl class='gallery-item'>\n\t\t\t<dt class='gallery-icon landscape'>\n\t\t\t\t<a href='http:\/\/marcinsolowiej.pl\/?attachment_id=4042'><img loading=\"lazy\" decoding=\"async\" width=\"200\" height=\"133\" src=\"http:\/\/marcinsolowiej.pl\/wp-content\/uploads\/2022\/08\/MG_0817_Trotro_falo_MS-200x133.jpg\" class=\"attachment-thumbnail size-thumbnail\" alt=\"Eurasian Wren\" aria-describedby=\"gallery-1-4042\" srcset=\"http:\/\/marcinsolowiej.pl\/wp-content\/uploads\/2022\/08\/MG_0817_Trotro_falo_MS-200x133.jpg 200w, http:\/\/marcinsolowiej.pl\/wp-content\/uploads\/2022\/08\/MG_0817_Trotro_falo_MS-768x512.jpg 768w, http:\/\/marcinsolowiej.pl\/wp-content\/uploads\/2022\/08\/MG_0817_Trotro_falo_MS-624x416.jpg 624w, http:\/\/marcinsolowiej.pl\/wp-content\/uploads\/2022\/08\/MG_0817_Trotro_falo_MS.jpg 900w\" sizes=\"auto, (max-width: 200px) 100vw, 200px\" \/><\/a>\n\t\t\t<\/dt>\n\t\t\t\t<dd class='wp-caption-text gallery-caption' id='gallery-1-4042'>\n\t\t\t\tstrzy\u017cyk <i>\u015awinouj\u015bcie, 08.03.2017<\/i>\n\t\t\t\t<\/dd><\/dl>\n\t\t\t<br style='clear: both' \/>\n\t\t<\/div>\n\n","protected":false},"excerpt":{"rendered":"","protected":false},"author":6,"featured_media":0,"parent":680,"menu_order":15,"comment_status":"closed","ping_status":"closed","template":"","meta":{"footnotes":""},"class_list":["post-4043","page","type-page","status-publish","hentry"],"_links":{"self":[{"href":"http:\/\/marcinsolowiej.pl\/index.php?rest_route=\/wp\/v2\/pages\/4043","targetHints":{"allow":["GET"]}}],"collection":[{"href":"http:\/\/marcinsolowiej.pl\/index.php?rest_route=\/wp\/v2\/pages"}],"about":[{"href":"http:\/\/marcinsolowiej.pl\/index.php?rest_route=\/wp\/v2\/types\/page"}],"author":[{"embeddable":true,"href":"http:\/\/marcinsolowiej.pl\/index.php?rest_route=\/wp\/v2\/users\/6"}],"replies":[{"embeddable":true,"href":"http:\/\/marcinsolowiej.pl\/index.php?rest_route=%2Fwp%2Fv2%2Fcomments&post=4043"}],"version-history":[{"count":4,"href":"http:\/\/marcinsolowiej.pl\/index.php?rest_route=\/wp\/v2\/pages\/4043\/revisions"}],"predecessor-version":[{"id":4056,"href":"http:\/\/marcinsolowiej.pl\/index.php?rest_route=\/wp\/v2\/pages\/4043\/revisions\/4056"}],"up":[{"embeddable":true,"href":"http:\/\/marcinsolowiej.pl\/index.php?rest_route=\/wp\/v2\/pages\/680"}],"wp:attachment":[{"href":"http:\/\/marcinsolowiej.pl\/index.php?rest_route=%2Fwp%2Fv2%2Fmedia&parent=4043"}],"curies":[{"name":"wp","href":"https:\/\/api.w.org\/{rel}","templated":true}]}}